t m = h + -141. Suppose 4*x + 0 = m. What are the prime factors of x?
2, 5
Suppose 4*s + 2*x - 3 = 15, 3*x - 5 = 5*s. What are the prime factors of (s - (-15)/(-9))*6?
2
Suppose 655 - 207 = 8*y. What are the prime factors of y?
2, 7
Suppose 0 = -2*i + 4, 60 = 5*x - 3*x + 5*i. Suppose -p + 2*p - 23 = 2*m, p - 4*m = x. List the prime factors of p.
3, 7
Let y(d) = 3*d + 2 + d - 1. List the prime factors of y(5).
3, 7
Let r(t) = -t**3 + 3*t**2 + 2*t - 3. Let a be r(3). Suppose 0 = -4*i - 5*z + a*z + 32, -5*i = -4*z - 66. What are the prime factors of i?
2, 5
Let p(b) = 3*b - 3. Let j be p(2). Let n be (10/j)/(2/3). Suppose 3*m + 0*a - 22 = -4*a, -5*m - n*a = -35. What are the prime factors of m?
2, 3
Let a(g) = -2*g - 6. Let t be a(-4). Let z be -1*(6/3 - 2). Let y = t + z. What are the prime factors of y?
2
List the prime factors of (4 - 3)/(9/1692).
2, 47
Suppose 0 = -4*y + y + 3*a + 6, a = -5*y + 16. Suppose 2 + 4 = y*k. List the prime factors of k.
2
Let f = 2 + 0. Let b be (-1)/((1/3)/(-1)). Suppose x = b*h - 9, -f*h + 4 = -h. What are the prime factors of x?
3
Let t(d) = 4*d - 2. Let n be t(-7). Let h = 46 + n. List the prime factors of h.
2
Let s be (-7)/(-3) + (-1)/3. Suppose s*z = -z - 9, 0 = 2*b + 5*z + 3. List the prime factors of (2 - 3/9)*b.
2, 5
What are the prime factors of 33/(-11)*400/(-6)?
2, 5
Let h(d) = 17*d**2 - 2*d - 1. List the prime factors of h(2).
3, 7
Let m(h) = -10*h + 4. List the prime factors of m(0).
2
Let d be 0*2*3/(-12). Suppose -6 = -4*t - d*t - 5*p, t + 2*p = 3. List the prime factors of 2 - t - 0/(-5).
3
Let j = 4 - 2. Suppose -5*q + 35 + 20 = -5*w, -w = j*q - 28. What are the prime factors of q?
13
Suppose 10*s = 4*s + 18. What are the prime factors of s?
3
Let z = 3 + 1. Suppose a - z = -1. Suppose -5*f = -4*n + 74, -5*f = n - a - 3. What are the prime factors of n?
2
Suppose 2*k + 282 = 2*x - 84, 0 = 4*k. List the prime factors of x.
3, 61
Let g = -5 - -7. Suppose -g*c + 6 = 4*h - 34, 5*c - h - 45 = 0. List the prime factors of c - (-1 - 6/(-3)).
3
List the prime factors of 364/12 + 2/(-6).
2, 3, 5
Let t(n) be the first derivative of 2*n + n**2 + 3 - 1/3*n**3 - 1/4*n**4. List the prime factors of t(-3).
2, 7
Suppose 0 = -7*l + 3*l. Let i = 20 + l. What are the prime factors of i?
2, 5
Suppose 0 = -4*m + 3*m. Suppose -2*h - 27 + 71 = m. List the prime factors of h.
2, 11
Let r = 5 + -3. Let a = -14 + 34. Suppose a = 3*w - r*z + 4, 5*w = -4*z + 34. List the prime factors of w.
2, 3
Let k(p) = -p**2 + 9*p + 54. Let a be k(13). Suppose 5*s + 20 = -15. List the prime factors of -1 + a + (0 - s).
2
Let d be -74 - (0 + 2)/2. Let t be (-2)/(-3) - d/9. What are the prime factors of 0 - 3 - (3 - t)?
3
Suppose -2*l + 6 + 2 = -2*k, 0 = 2*l - k - 4. Let x = 21 - l. What are the prime factors of x?
3, 7
Let u(q) = -q**2 - 4*q + 2. Let r be u(-3). Let l be 10/(-1*1/(-3)). Suppose -44 = -r*f + 3*d, 3*f + 3*d = 6*d + l. List the prime factors of f.
7
Let v(f) = 3*f + 3. Let p be v(-3). Let t be p/((0 - 2) + 1). Let z = t - 0. What are the prime factors of z?
2, 3
Suppose -4*s + 0 = 4. Let x(z) = -11*z**3 - z**2 + z + 1. What are the prime factors of x(s)?
2, 5
Suppose 5*s - 4 = 6. Suppose -4*k = -s*k. List the prime factors of k + (5 - 1) + 1.
5
Let g be 2*(2 + 1 + -1). Suppose 0 = g*i + 5*w - 32 + 10, i - w = 1. Suppose -i = -d + 5. List the prime factors of d.
2
Let u = 25 - 14. List the prime factors of u.
11
Let x(y) = 22*y**2 - 3*y + 1. Let s be x(2). Let p = 55 - s. Let b = -14 - p. What are the prime factors of b?
2, 7
Suppose -8 = -2*t - 0*t + 5*q, q = t - 10. Let s = -8 + t. Let c(y) = y - 1. What are the prime factors of c(s)?
5
Suppose 4*w = -5*s + 13, -7*w + 9 = -3*w + s. Suppose -5*t + 42 = 4*o, -w*t - 2*t - 2*o = -30. What are the prime factors of t?
2, 3
Let s be (-3)/(-1) + 1/(-1). Suppose 0 = 4*u - 5*c - 151, 109 = s*u + c + 30. What are the prime factors of u?
3, 13
Let r(d) = -49*d**3 - 2*d**2 - d - 1. List the prime factors of r(-1).
47
Let h = 19 + 14. What are the prime factors of h?
3, 11
Let p be -1*((-60)/3)/1. What are the prime factors of 985/p + 2/(-8)?
7
Let b = 10 - 7. Suppose -b*k - 2*k = 3*p - 17, -k + 2*p = -6. List the prime factors of k.
2
Suppose 468 = 4*p - 400. What are the prime factors of p?
7, 31
Suppose 0 = z - 2*z + 1, a + 8 = -2*z. Let j(l) = -l**2 - 15*l - 10. What are the prime factors of j(a)?
2, 5
Suppose 0 = -5*l - 0*l + 10. Suppose 0 = s + l*i - 22, -i + 9 = 2*i. Suppose -5*r = -r - s. List the prime factors of r.
2
Let g(v) = 15*v**2 - v. Let d be g(1). Let j = d - -1. Suppose j = -2*f + 3*f. List the prime factors of f.
3, 5
Let x(r) = -6*r**3 - 4*r**2 + 1. Let m(l) = 7*l**3 + 5*l**2 + l - 2. Let n(v) = -5*m(v) - 6*x(v). Let d be n(3). Let w = 14 - d. List the prime factors of w.
7
Let p(r) = r**3 + 6*r**2 + 3*r - 6. Let y be p(-5). Suppose n = -0*d + d - 5, -y*n - 27 = -5*d. What are the prime factors of d?
7
Let g(c) = -c**3 - 13*c**2 - 15*c - 2. What are the prime factors of g(-12)?
2, 17
Let q = 6 - -3. Let z = 1 - 0. Suppose z = 2*p - q. List the prime factors of p.
5
Let h(w) = 4*w**2 - 1 - w**2 + 1. What are the prime factors of h(-1)?
3
Suppose 3*j - 2*k + 0*k - 1054 = 0, -5*j - k = -1748. What are the prime factors of j?
2, 5, 7
Let l = 98 - 5. What are the prime factors of l?
3, 31
Let t = -31 + 56. What are the prime factors of t?
5
Let h(z) = z**3 + 12*z**2 - 17*z - 21. What are the prime factors of h(-13)?
31
Suppose 2*b = 3*b + 1. Let g be ((-26)/(-8))/(b/(-8)). Let n = 37 - g. List the prime factors of n.
11
Let b(i) = 124*i - 1. List the prime factors of b(1).
3, 41
Let s(g) be the third derivative of g**6/120 - 2*g**5/15 + 5*g**4/12 - g**3/2 + 5*g**2. What are the prime factors of s(7)?
2, 3
Let p = 851 - 525. List the prime factors of p.
2, 163
Let n(u) be the second derivative of u**6/180 - u**5/60 - u**4/4 + 2*u. Let m(t) be the third derivative of n(t). What are the prime factors of m(5)?
2, 3
Suppose 0*h = -2*h. Suppose h = 3*g + z - 5, -5*g + 2*z + 19 = -4. List the prime factors of g.
3
Let y(h) = 4*h**2 + 6*h + 3. What are the prime factors of y(7)?
241
Let v(s) = s**2 + 4*s + 5. Let m be v(-4). Suppose -4*u - 795 = -m*q, 5*q - 215 = 5*u + 775. What are the prime factors of (-2)/9 - u/27?
7
Let q = -3 + 15. Let l be q/8 + 2/4. Suppose 19 = 5*p - 5*z + 3*z, 0 = l*p + 5*z - 25. List the prime factors of p.
5
Let w be -1 - 1/(-3)*0. Let m = w + 3. Suppose -2*v - 22 = -4*v + 2*l, 31 = m*v - 5*l. What are the prime factors of v?
2
Suppose -3*u + 27 = -q, 5*u - 64 = q - 21. Let b be 6/8 + (-86)/u. Let h = 19 + b. What are the prime factors of h?
3
Suppose 7*h = 350 + 1057. List the prime factors of h.
3, 67
Let o = -6 + 6. Suppose o*q - q = 6. What are the prime factors of (-156)/4*2/q?
13
Suppose -z + 3*u + 38 = 0, -3*u = -11 + 2. List the prime factors of z.
47
Let g = 170 + -96. What are the prime factors of g?
2, 37
Suppose -2 = -3*w + 322. What are the prime factors of w?
2, 3
List the prime factors of ((-22)/8)/(4/(-48)).
3, 11
List the prime factors of 56/(-9) - -6 - (-652)/18.
2, 3
Let d = 12 + 84. What are the prime factors of (6/(-18))/((-1)/d)?
2
What are the prime factors of (-3843)/(-12) + ((-5)/4 - -1)?
2, 5
Let g(u) = u. Let f be g(0). Suppose 0 = -f*y + 5*y. What are the prime factors of 2 - (0 - y)/1?
2
What are the prime factors of (-57)/9*(-9 - -6)?
19
Let f(r) = r**2 - r + 12. Let g be f(0). Let h be g*-2*(-3)/12. Suppose 4*a = h*a - 2, 2*l = a + 23. What are the prime factors of l?
2, 3
Suppose -5*j - 197 = n, -j = 5*n - 7 + 56. What are the prime factors of j/(-1) + (0 - -1)?
2, 5
Let z = 269 + -189. What are the prime factors of z?
2, 5
Let v be (-38)/2 - (-1)/(-1). Let o = -7 - v. What are the prime factors of o?
13
Suppose 11 = u - 19. List the prime factors of u.
2, 3, 5
What are the prime factors of 2*(-7)/((-7)/86)?
2, 43
Suppose 2*r + 5*u = -1, -2*u = -7*u - 5. Suppose -r*p = l - 1, -3*p - l + 9 = -2*l. Suppose 0 = -p*z - z + 9. What are the prime factors of z?
3
Suppose q = 2*q + r - 38, 4*r = -q + 29. Let p = q - 8. What are the prime factors of p?
3, 11
Let k = 10 + -8. Suppose -5*v + 4*q = -16, -2*q - 5 = -k*v + q. What are the prime factors of 31/v + (-4)/(-16)?
2
Suppose 0 = -4*z - 6*z - 10. Let q(f) be the second d